{"id":988488,"date":"2026-02-23T11:46:45","date_gmt":"2026-02-23T10:46:45","guid":{"rendered":"https:\/\/campinglespresduverdon.com\/hebergement\/mobil-home-classique-3-chambres-6-personnes\/"},"modified":"2026-02-23T11:46:45","modified_gmt":"2026-02-23T10:46:45","slug":"mobil-home-classique-3-chambres-6-personnes","status":"publish","type":"hebergement","link":"http:\/\/campinglespresduverdon.com\/de\/unterkunft\/mobil-home-classique-3-chambres-6-personnes\/","title":{"rendered":"Mobil Home Classique 3 Chambres 6 Personnes"},"content":{"rendered":"<p>Mobil-home priv\u00e9 d&#8217;un r\u00e9sident du camping mis \u00e0 disposition.<\/p>\n<p>Coin nuit : une chambre avec 1 lit double(140) et deux chambres avec 2 lits simples (80) c\u00f4te \u00e0 c\u00f4te ou superpos\u00e9s, oreillers et couvertures fournis<\/p>\n<p>Coin salon\/s\u00e9jour : cuisine \u00e9quip\u00e9e (\u00e9vier, gaz, r\u00e9frig\u00e9rateur\/freezer, micro-ondes, cafeti\u00e8re, vaisselle),  <\/p>\n<p>Sanitaire : 1 salle d&#8217;eau avec douche et lavabo, WC s\u00e9par\u00e9s<\/p>\n<p>Ext\u00e9rieur : terrasse semi-couverte avec salon de jardin<\/p>\n<p>Non \u00e9quip\u00e9 de t\u00e9l\u00e9vision, climatisation &#8211; Animaux admis (selon conditions)<\/p>\n","protected":false},"excerpt":{"rendered":"<p>Mobil-home priv\u00e9 d&#8217;un r\u00e9sident du camping mis \u00e0 disposition. Coin nuit : une chambre avec 1 lit double(140) et deux chambres avec 2 lits simples (80) c\u00f4te \u00e0 c\u00f4te ou superpos\u00e9s, oreillers et couvertures fournis Coin salon\/s\u00e9jour : cuisine \u00e9quip\u00e9e (\u00e9vier, gaz, r\u00e9frig\u00e9rateur\/freezer, micro-ondes, cafeti\u00e8re, vaisselle), Sanitaire : 1 salle d&#8217;eau avec douche et lavabo, [&hellip;]<\/p>\n","protected":false},"featured_media":0,"template":"","hebergement_type":[70,71],"hebergement_atout":[],"criterion":[],"class_list":["post-988488","hebergement","type-hebergement","status-publish","hentry","hebergement_type-location","hebergement_type-mobil-home"],"acf":[],"yoast_head":"<!-- This site is optimized with the Yoast SEO plugin v24.8.1 - https:\/\/yoast.com\/wordpress\/plugins\/seo\/ -->\n<title>Mobil Home Classique 3 Chambres 6 Personnes - Camping Bel air Village Les Pr\u00e9s du Verdon - Site Officiel - Meilleur Prix Garanti<\/title>\n<meta name=\"robots\" content=\"index, follow, max-snippet:-1, max-image-preview:large, max-video-preview:-1\" \/>\n<link rel=\"canonical\" href=\"http:\/\/campinglespresduverdon.com\/de\/unterkunft\/mobil-home-classique-3-chambres-6-personnes\/\" \/>\n<meta property=\"og:locale\" content=\"de_DE\" \/>\n<meta property=\"og:type\" content=\"article\" \/>\n<meta property=\"og:title\" content=\"Mobil Home Classique 3 Chambres 6 Personnes - Camping Bel air Village Les Pr\u00e9s du Verdon - Site Officiel - Meilleur Prix Garanti\" \/>\n<meta property=\"og:description\" content=\"Mobil-home priv\u00e9 d&#8217;un r\u00e9sident du camping mis \u00e0 disposition. Coin nuit : une chambre avec 1 lit double(140) et deux chambres avec 2 lits simples (80) c\u00f4te \u00e0 c\u00f4te ou superpos\u00e9s, oreillers et couvertures fournis Coin salon\/s\u00e9jour : cuisine \u00e9quip\u00e9e (\u00e9vier, gaz, r\u00e9frig\u00e9rateur\/freezer, micro-ondes, cafeti\u00e8re, vaisselle), Sanitaire : 1 salle d&#8217;eau avec douche et lavabo, [&hellip;]\" \/>\n<meta property=\"og:url\" content=\"http:\/\/campinglespresduverdon.com\/de\/unterkunft\/mobil-home-classique-3-chambres-6-personnes\/\" \/>\n<meta property=\"og:site_name\" content=\"Camping Bel air Village Les Pr\u00e9s du Verdon - Site Officiel - Meilleur Prix Garanti\" \/>\n<meta property=\"og:image\" content=\"http:\/\/campinglespresduverdon.com\/wp-content\/uploads\/sites\/60\/2024\/01\/05.webp\" \/>\n\t<meta property=\"og:image:width\" content=\"650\" \/>\n\t<meta property=\"og:image:height\" content=\"433\" \/>\n\t<meta property=\"og:image:type\" content=\"image\/webp\" \/>\n<meta name=\"twitter:card\" content=\"summary_large_image\" \/>\n<script type=\"application\/ld+json\" class=\"yoast-schema-graph\">{\"@context\":\"https:\/\/schema.org\",\"@graph\":[{\"@type\":\"WebPage\",\"@id\":\"http:\/\/campinglespresduverdon.com\/de\/unterkunft\/mobil-home-classique-3-chambres-6-personnes\/\",\"url\":\"http:\/\/campinglespresduverdon.com\/de\/unterkunft\/mobil-home-classique-3-chambres-6-personnes\/\",\"name\":\"Mobil Home Classique 3 Chambres 6 Personnes - Camping Bel air Village Les Pr\u00e9s du Verdon - Site Officiel - Meilleur Prix Garanti\",\"isPartOf\":{\"@id\":\"https:\/\/campinglespresduverdon.com\/de\/#website\"},\"datePublished\":\"2026-02-23T10:46:45+00:00\",\"breadcrumb\":{\"@id\":\"http:\/\/campinglespresduverdon.com\/de\/unterkunft\/mobil-home-classique-3-chambres-6-personnes\/#breadcrumb\"},\"inLanguage\":\"de\",\"potentialAction\":[{\"@type\":\"ReadAction\",\"target\":[\"http:\/\/campinglespresduverdon.com\/de\/unterkunft\/mobil-home-classique-3-chambres-6-personnes\/\"]}]},{\"@type\":\"BreadcrumbList\",\"@id\":\"http:\/\/campinglespresduverdon.com\/de\/unterkunft\/mobil-home-classique-3-chambres-6-personnes\/#breadcrumb\",\"itemListElement\":[{\"@type\":\"ListItem\",\"position\":1,\"name\":\"Startseite\",\"item\":\"http:\/\/campinglespresduverdon.com\/de\/\"},{\"@type\":\"ListItem\",\"position\":2,\"name\":\"Mobil Home Classique 3 Chambres 6 Personnes\"}]},{\"@type\":\"WebSite\",\"@id\":\"https:\/\/campinglespresduverdon.com\/de\/#website\",\"url\":\"https:\/\/campinglespresduverdon.com\/de\/\",\"name\":\"Camping Bel air Village Les Pr\u00e9s du Verdon - Site Officiel - Meilleur Prix Garanti\",\"description\":\"\",\"publisher\":{\"@id\":\"https:\/\/campinglespresduverdon.com\/de\/#organization\"},\"potentialAction\":[{\"@type\":\"SearchAction\",\"target\":{\"@type\":\"EntryPoint\",\"urlTemplate\":\"https:\/\/campinglespresduverdon.com\/de\/?s={search_term_string}\"},\"query-input\":{\"@type\":\"PropertyValueSpecification\",\"valueRequired\":true,\"valueName\":\"search_term_string\"}}],\"inLanguage\":\"de\"},{\"@type\":\"Organization\",\"@id\":\"https:\/\/campinglespresduverdon.com\/de\/#organization\",\"name\":\"Camping Bel air Village Les Pr\u00e9s du Verdon - Site Officiel - Meilleur Prix Garanti\",\"url\":\"https:\/\/campinglespresduverdon.com\/de\/\",\"logo\":{\"@type\":\"ImageObject\",\"inLanguage\":\"de\",\"@id\":\"https:\/\/campinglespresduverdon.com\/de\/#\/schema\/logo\/image\/\",\"url\":\"http:\/\/campinglespresduverdon.com\/wp-content\/uploads\/sites\/60\/2024\/01\/LOGO-BEL-AIR-LES-PRES-DU-VERDON-3-2.png\",\"contentUrl\":\"http:\/\/campinglespresduverdon.com\/wp-content\/uploads\/sites\/60\/2024\/01\/LOGO-BEL-AIR-LES-PRES-DU-VERDON-3-2.png\",\"width\":2048,\"height\":788,\"caption\":\"Camping Bel air Village Les Pr\u00e9s du Verdon - Site Officiel - Meilleur Prix Garanti\"},\"image\":{\"@id\":\"https:\/\/campinglespresduverdon.com\/de\/#\/schema\/logo\/image\/\"}}]}<\/script>\n<!-- \/ Yoast SEO plugin. -->","yoast_head_json":{"title":"Mobil Home Classique 3 Chambres 6 Personnes - Camping Bel air Village Les Pr\u00e9s du Verdon - Site Officiel - Meilleur Prix Garanti","robots":{"index":"index","follow":"follow","max-snippet":"max-snippet:-1","max-image-preview":"max-image-preview:large","max-video-preview":"max-video-preview:-1"},"canonical":"http:\/\/campinglespresduverdon.com\/de\/unterkunft\/mobil-home-classique-3-chambres-6-personnes\/","og_locale":"de_DE","og_type":"article","og_title":"Mobil Home Classique 3 Chambres 6 Personnes - Camping Bel air Village Les Pr\u00e9s du Verdon - Site Officiel - Meilleur Prix Garanti","og_description":"Mobil-home priv\u00e9 d&#8217;un r\u00e9sident du camping mis \u00e0 disposition. Coin nuit : une chambre avec 1 lit double(140) et deux chambres avec 2 lits simples (80) c\u00f4te \u00e0 c\u00f4te ou superpos\u00e9s, oreillers et couvertures fournis Coin salon\/s\u00e9jour : cuisine \u00e9quip\u00e9e (\u00e9vier, gaz, r\u00e9frig\u00e9rateur\/freezer, micro-ondes, cafeti\u00e8re, vaisselle), Sanitaire : 1 salle d&#8217;eau avec douche et lavabo, [&hellip;]","og_url":"http:\/\/campinglespresduverdon.com\/de\/unterkunft\/mobil-home-classique-3-chambres-6-personnes\/","og_site_name":"Camping Bel air Village Les Pr\u00e9s du Verdon - Site Officiel - Meilleur Prix Garanti","og_image":[{"width":650,"height":433,"url":"http:\/\/campinglespresduverdon.com\/wp-content\/uploads\/sites\/60\/2024\/01\/05.webp","type":"image\/webp"}],"twitter_card":"summary_large_image","schema":{"@context":"https:\/\/schema.org","@graph":[{"@type":"WebPage","@id":"http:\/\/campinglespresduverdon.com\/de\/unterkunft\/mobil-home-classique-3-chambres-6-personnes\/","url":"http:\/\/campinglespresduverdon.com\/de\/unterkunft\/mobil-home-classique-3-chambres-6-personnes\/","name":"Mobil Home Classique 3 Chambres 6 Personnes - Camping Bel air Village Les Pr\u00e9s du Verdon - Site Officiel - Meilleur Prix Garanti","isPartOf":{"@id":"https:\/\/campinglespresduverdon.com\/de\/#website"},"datePublished":"2026-02-23T10:46:45+00:00","breadcrumb":{"@id":"http:\/\/campinglespresduverdon.com\/de\/unterkunft\/mobil-home-classique-3-chambres-6-personnes\/#breadcrumb"},"inLanguage":"de","potentialAction":[{"@type":"ReadAction","target":["http:\/\/campinglespresduverdon.com\/de\/unterkunft\/mobil-home-classique-3-chambres-6-personnes\/"]}]},{"@type":"BreadcrumbList","@id":"http:\/\/campinglespresduverdon.com\/de\/unterkunft\/mobil-home-classique-3-chambres-6-personnes\/#breadcrumb","itemListElement":[{"@type":"ListItem","position":1,"name":"Startseite","item":"http:\/\/campinglespresduverdon.com\/de\/"},{"@type":"ListItem","position":2,"name":"Mobil Home Classique 3 Chambres 6 Personnes"}]},{"@type":"WebSite","@id":"https:\/\/campinglespresduverdon.com\/de\/#website","url":"https:\/\/campinglespresduverdon.com\/de\/","name":"Camping Bel air Village Les Pr\u00e9s du Verdon - Site Officiel - Meilleur Prix Garanti","description":"","publisher":{"@id":"https:\/\/campinglespresduverdon.com\/de\/#organization"},"potentialAction":[{"@type":"SearchAction","target":{"@type":"EntryPoint","urlTemplate":"https:\/\/campinglespresduverdon.com\/de\/?s={search_term_string}"},"query-input":{"@type":"PropertyValueSpecification","valueRequired":true,"valueName":"search_term_string"}}],"inLanguage":"de"},{"@type":"Organization","@id":"https:\/\/campinglespresduverdon.com\/de\/#organization","name":"Camping Bel air Village Les Pr\u00e9s du Verdon - Site Officiel - Meilleur Prix Garanti","url":"https:\/\/campinglespresduverdon.com\/de\/","logo":{"@type":"ImageObject","inLanguage":"de","@id":"https:\/\/campinglespresduverdon.com\/de\/#\/schema\/logo\/image\/","url":"http:\/\/campinglespresduverdon.com\/wp-content\/uploads\/sites\/60\/2024\/01\/LOGO-BEL-AIR-LES-PRES-DU-VERDON-3-2.png","contentUrl":"http:\/\/campinglespresduverdon.com\/wp-content\/uploads\/sites\/60\/2024\/01\/LOGO-BEL-AIR-LES-PRES-DU-VERDON-3-2.png","width":2048,"height":788,"caption":"Camping Bel air Village Les Pr\u00e9s du Verdon - Site Officiel - Meilleur Prix Garanti"},"image":{"@id":"https:\/\/campinglespresduverdon.com\/de\/#\/schema\/logo\/image\/"}}]}},"_links":{"self":[{"href":"http:\/\/campinglespresduverdon.com\/de\/wp-json\/wp\/v2\/hebergement\/988488","targetHints":{"allow":["GET"]}}],"collection":[{"href":"http:\/\/campinglespresduverdon.com\/de\/wp-json\/wp\/v2\/hebergement"}],"about":[{"href":"http:\/\/campinglespresduverdon.com\/de\/wp-json\/wp\/v2\/types\/hebergement"}],"version-history":[{"count":0,"href":"http:\/\/campinglespresduverdon.com\/de\/wp-json\/wp\/v2\/hebergement\/988488\/revisions"}],"wp:attachment":[{"href":"http:\/\/campinglespresduverdon.com\/de\/wp-json\/wp\/v2\/media?parent=988488"}],"wp:term":[{"taxonomy":"hebergement_type","embeddable":true,"href":"http:\/\/campinglespresduverdon.com\/de\/wp-json\/wp\/v2\/hebergement_type?post=988488"},{"taxonomy":"hebergement_atout","embeddable":true,"href":"http:\/\/campinglespresduverdon.com\/de\/wp-json\/wp\/v2\/hebergement_atout?post=988488"},{"taxonomy":"criterion","embeddable":true,"href":"http:\/\/campinglespresduverdon.com\/de\/wp-json\/wp\/v2\/criterion?post=988488"}],"curies":[{"name":"wp","href":"https:\/\/api.w.org\/{rel}","templated":true}]}}

<p>Mobil-home privé d&#8217;un résident du camping mis à disposition.</p>
<p>Coin nuit : une chambre avec 1 lit double(140) et deux chambres avec 2 lits simples (80) côte à côte ou superposés, oreillers et couvertures fournis</p>
<p>Coin salon/séjour : cuisine équipée (évier, gaz, réfrigérateur/freezer, micro-ondes, cafetière, vaisselle),  </p>
<p>Sanitaire : 1 salle d&#8217;eau avec douche et lavabo, WC séparés</p>
<p>Extérieur : terrasse semi-couverte avec salon de jardin</p>
<p>Non équipé de télévision, climatisation &#8211; Animaux admis (selon conditions)</p>

<p>Mobil-home privé d&#8217;un résident du camping mis à disposition. Coin nuit : une chambre avec 1 lit double(140) et deux chambres avec 2 lits simples (80) côte à côte ou superposés, oreillers et couvertures fournis Coin salon/séjour : cuisine équipée (évier, gaz, réfrigérateur/freezer, micro-ondes, cafetière, vaisselle), Sanitaire : 1 salle d&#8217;eau avec douche et lavabo, [&hellip;]</p>

<!-- This site is optimized with the Yoast SEO plugin v24.8.1 - https://yoast.com/wordpress/plugins/seo/ -->
<title>Mobil Home Classique 3 Chambres 6 Personnes - Camping Bel air Village Les Prés du Verdon - Site Officiel - Meilleur Prix Garanti</title>
<meta name="robots" content="index, follow, max-snippet:-1, max-image-preview:large, max-video-preview:-1" />
<link rel="canonical" href="http://campinglespresduverdon.com/de/unterkunft/mobil-home-classique-3-chambres-6-personnes/" />
<meta property="og:locale" content="de_DE" />
<meta property="og:type" content="article" />
<meta property="og:title" content="Mobil Home Classique 3 Chambres 6 Personnes - Camping Bel air Village Les Prés du Verdon - Site Officiel - Meilleur Prix Garanti" />
<meta property="og:description" content="Mobil-home privé d&#8217;un résident du camping mis à disposition. Coin nuit : une chambre avec 1 lit double(140) et deux chambres avec 2 lits simples (80) côte à côte ou superposés, oreillers et couvertures fournis Coin salon/séjour : cuisine équipée (évier, gaz, réfrigérateur/freezer, micro-ondes, cafetière, vaisselle), Sanitaire : 1 salle d&#8217;eau avec douche et lavabo, [&hellip;]" />
<meta property="og:url" content="http://campinglespresduverdon.com/de/unterkunft/mobil-home-classique-3-chambres-6-personnes/" />
<meta property="og:site_name" content="Camping Bel air Village Les Prés du Verdon - Site Officiel - Meilleur Prix Garanti" />
<meta property="og:image" content="http://campinglespresduverdon.com/wp-content/uploads/sites/60/2024/01/05.webp" />
	<meta property="og:image:width" content="650" />
	<meta property="og:image:height" content="433" />
	<meta property="og:image:type" content="image/webp" />
<meta name="twitter:card" content="summary_large_image" />
<script type="application/ld+json" class="yoast-schema-graph">{"@context":"https://schema.org","@graph":[{"@type":"WebPage","@id":"http://campinglespresduverdon.com/de/unterkunft/mobil-home-classique-3-chambres-6-personnes/","url":"http://campinglespresduverdon.com/de/unterkunft/mobil-home-classique-3-chambres-6-personnes/","name":"Mobil Home Classique 3 Chambres 6 Personnes - Camping Bel air Village Les Prés du Verdon - Site Officiel - Meilleur Prix Garanti","isPartOf":{"@id":"https://campinglespresduverdon.com/de/#website"},"datePublished":"2026-02-23T10:46:45+00:00","breadcrumb":{"@id":"http://campinglespresduverdon.com/de/unterkunft/mobil-home-classique-3-chambres-6-personnes/#breadcrumb"},"inLanguage":"de","potentialAction":[{"@type":"ReadAction","target":["http://campinglespresduverdon.com/de/unterkunft/mobil-home-classique-3-chambres-6-personnes/"]}]},{"@type":"BreadcrumbList","@id":"http://campinglespresduverdon.com/de/unterkunft/mobil-home-classique-3-chambres-6-personnes/#breadcrumb","itemListElement":[{"@type":"ListItem","position":1,"name":"Startseite","item":"http://campinglespresduverdon.com/de/"},{"@type":"ListItem","position":2,"name":"Mobil Home Classique 3 Chambres 6 Personnes"}]},{"@type":"WebSite","@id":"https://campinglespresduverdon.com/de/#website","url":"https://campinglespresduverdon.com/de/","name":"Camping Bel air Village Les Prés du Verdon - Site Officiel - Meilleur Prix Garanti","description":"","publisher":{"@id":"https://campinglespresduverdon.com/de/#organization"},"potentialAction":[{"@type":"SearchAction","target":{"@type":"EntryPoint","urlTemplate":"https://campinglespresduverdon.com/de/?s={search_term_string}"},"query-input":{"@type":"PropertyValueSpecification","valueRequired":true,"valueName":"search_term_string"}}],"inLanguage":"de"},{"@type":"Organization","@id":"https://campinglespresduverdon.com/de/#organization","name":"Camping Bel air Village Les Prés du Verdon - Site Officiel - Meilleur Prix Garanti","url":"https://campinglespresduverdon.com/de/","logo":{"@type":"ImageObject","inLanguage":"de","@id":"https://campinglespresduverdon.com/de/#/schema/logo/image/","url":"http://campinglespresduverdon.com/wp-content/uploads/sites/60/2024/01/LOGO-BEL-AIR-LES-PRES-DU-VERDON-3-2.png","contentUrl":"http://campinglespresduverdon.com/wp-content/uploads/sites/60/2024/01/LOGO-BEL-AIR-LES-PRES-DU-VERDON-3-2.png","width":2048,"height":788,"caption":"Camping Bel air Village Les Prés du Verdon - Site Officiel - Meilleur Prix Garanti"},"image":{"@id":"https://campinglespresduverdon.com/de/#/schema/logo/image/"}}]}</script>
<!-- / Yoast SEO plugin. -->

Mobil Home Classique 3 Chambres 6 Personnes - Camping Bel air Village Les Prés du Verdon - Site Officiel - Meilleur Prix Garanti

Mobil-home privé d&#8217;un résident du camping mis à disposition. Coin nuit : une chambre avec 1 lit double(140) et deux chambres avec 2 lits simples (80) côte à côte ou superposés, oreillers et couvertures fournis Coin salon/séjour : cuisine équipée (évier, gaz, réfrigérateur/freezer, micro-ondes, cafetière, vaisselle), Sanitaire : 1 salle d&#8217;eau avec douche et lavabo, [&hellip;]

Camping Bel air Village Les Prés du Verdon - Site Officiel - Meilleur Prix Garanti
